q be j(-9). Let b = -3 - -33. Let o = q + b. What are the prime factors of o?
2
Suppose -2*b + 8*b + 360 = 0. Let s = -22 - b. List the prime factors of s.
2, 19
Suppose -6*d + 8*d - 4*k = 96, 2*d + 4*k - 96 = 0. Let p = 57 - d. What are the prime factors of p?
3
Let q = 24 + -20. Suppose -2340 = -q*n - 880. Suppose -8*d + 13*d = n. List the prime factors of d.
73
Let k(o) = -3*o**3 - 19*o**2 + 10*o - 11. What are the prime factors of k(-12)?
7, 331
Suppose -5*x - 480 = -3*v - x, 5*v = 5*x + 800. Suppose v = j + 4*j. List the prime factors of j.
2
Let r be -1*3 + (14 - 6). Suppose -u = p - 213, r*u + 2*p + 2*p - 1064 = 0. List the prime factors of (-1 + 0)*u/(-4).
53
Let x(t) = t**2 - 18*t - 9. Let j(r) = -r - 1. Let q(c) = j(c) - x(c). List the prime factors of q(14).
2, 5
Let r = 29 - 24. What are the prime factors of r?
5
Let i = -108 - -49. Let y = i - -69. What are the prime factors of y?
2, 5
Let n = -1204 + 1716. What are the prime factors of n?
2
Let k(i) = -15*i + 10. Let t be -5*-1*(-1*4)/4. What are the prime factors of k(t)?
5, 17
Suppose -t + 10 + 10 = 5*u, -4*t = -3*u - 11. Suppose -h = 4*a + a - 39, -u*a + 25 = h. List the prime factors of a.
7
Let t = -42 + -20. List the prime factors of t*((-3)/(24/52) - -3).
7, 31
Suppose -8*q = 4*q - 3300. Let k = q + -163. List the prime factors of k.
2, 7
Suppose -4*k - 6 = -3*k. What are the prime factors of (4 - k)/(1/23)?
2, 5, 23
Suppose b = -3*c + 4513 + 1286, 4*b = 2*c - 3866. What are the prime factors of c?
1933
Let o(l) = -6*l + 10. Let b be o(-5). Suppose 5*m = 3*q - 0*m - 103, -q = 4*m - b. Suppose 6*w - q = 2*w. What are the prime factors of w?
3
Suppose -2*p + v = -4, 4*p - 5*v - 1 = 1. Let a(b) = 2*b - 8. Let o be a(5). Suppose -f - p = -4*f, 5*f - 39 = -o*y. What are the prime factors of y?
17
Let j = 1211 + -588. What are the prime factors of j?
7, 89
Suppose -1041 + 3561 = 20*h. What are the prime factors of h?
2, 3, 7
Suppose 4*i + 2*i = 0. Let s be (21/6 + -4)*i. Suppose 0 = 5*r - s*r - 285. List the prime factors of r.
3, 19
Let q = 3 - 0. Let g be -2 - 4/8*-4. Suppose -o = q*r - 5, g = -2*r + 3*r - 5*o - 23. What are the prime factors of r?
3
Let z(w) = -7*w - 1. Let p(r) = 8*r + 2. Let q(c) = -6*p(c) - 7*z(c). Let h be q(5). Suppose h*x + 264 = 6*x. List the prime factors of x.
2, 11
Let b(w) = -164*w**3 + 6*w**2 - w - 2. List the prime factors of b(-2).
2, 167
Let j(v) be the second derivative of v**3/6 + 4*v**2 - 2*v. What are the prime factors of j(-6)?
2
Let v(d) = 151*d**2 + 26*d + 68. What are the prime factors of v(-4)?
2, 5, 7, 17
Let f(p) = -4*p**3 - 11*p**2 - p + 13. List the prime factors of f(-4).
97
Suppose 14*f = 5*f + 4266. List the prime factors of f.
2, 3, 79
Suppose -12*f + 4*f = -40. Suppose 0 = -5*s - 2*z + 316 + 128, 0 = f*s + 4*z - 438. What are the prime factors of s?
2, 3, 5
Let d(j) = 40*j + 12. Let v be d(3). Let c = v - 26. List the prime factors of c.
2, 53
Let h be (-6)/27 + 29/9. Suppose 113 = -n + h*n - 3*w, n + w = 59. List the prime factors of n.
2, 29
Suppose 0 = -3*a - x + 219, 4*a = -0*x - 3*x + 297. Let g be ((-6)/(-9))/((-4)/a). List the prime factors of (159/g)/(4/(-16)).
53
List the prime factors of ((-3772)/(-10))/((-1)/(-5)).
2, 23, 41
Let i = -3148 + 5751. What are the prime factors of i?
19, 137
Let x(j) = j**3 + 2*j**2 - 10*j + 307. What are the prime factors of x(0)?
307
Let v(q) = q**2 - 2*q - 42. Let c be v(-6). Suppose 3*l + 525 = c*l. List the prime factors of l.
5, 7
Let a be (2 - 144/15)*5. Let p = 38 + a. Suppose p = 5*n - 7*n + 114. List the prime factors of n.
3, 19
Suppose -2 = 10*s - 12. What are the prime factors of 78 + -1 + s + -3?
3, 5
Suppose 894 = 2*z + z - 3*a, -1487 = -5*z + 2*a. What are the prime factors of z?
3, 11
Let m(h) = -5*h + 13. Let w(q) = 1. Let a(i) = -m(i) + 6*w(i). List the prime factors of a(4).
13
Suppose -2*n - 32 = 5*b - 3*b, -6 = b - n. Suppose -h + 4*q = q - 9, -2*q = 5*h - 130. Let v = h + b. List the prime factors of v.
13
Suppose -u - 19 = 2*u + d, -5*u + 3*d = 13. Let w(j) = -4*j + 2. Let p(v) = 3*v - 3. Let h(t) = u*p(t) - 4*w(t). List the prime factors of h(0).
7
Suppose -143 = -12*m + m. What are the prime factors of m?
13
Let r = 90 + -127. Let c be (6/8)/((-4)/(-400)). Let m = r + c. What are the prime factors of m?
2, 19
Let x = -43 - -26. Let t = x + 64. Let o = -24 + t. What are the prime factors of o?
23
Let p = 6 - 6. Suppose y = 4*z - 0 + 4, 2*z + 5*y - 20 = p. Suppose z*f - f = -2, 4*c - 40 = 4*f. What are the prime factors of c?
2, 3
Let i(j) = -j**3 - 6*j**2 - 2. Let n be i(-6). Let f(v) = -2*v. List the prime factors of f(n).
2
Suppose 178*y - 166*y - 4512 = 0. List the prime factors of y.
2, 47
Let k be 2 + 33 + 3 - 3. Suppose 0 = 5*m - 0*h + 5*h + k, -h = -5*m - 11. Let l = m + 30. What are the prime factors of l?
3
Let o = -33 - -41. Let b(f) = -5*f**2 + 2*f + 4. Let y be b(4). What are the prime factors of (-4)/o*2*y?
2, 17
Let w be 3/(-2)*((-7584)/(-18))/(-8). Suppose -5*k = z - 191, z - 92 = -k + w. What are the prime factors of z?
2, 83
List the prime factors of 188/(-16)*-212 - 7.
2, 3, 23
Let x(r) = -r**3 + 20*r**2 - r + 21. Let q be x(20). Let g = 10 + q. What are the prime factors of g?
11
Let j = -10 + -5. Let x(m) = -m**3 - 31*m**2 - 32*m - 108. Let u be x(-30). Let g = j - u. What are the prime factors of g?
3, 11
Suppose -156 = -s + 24. List the prime factors of s.
2, 3, 5
Let v(n) = 8*n - 3*n - 14 - n - 5*n. Let p be v(-8). What are the prime factors of (p/(-5))/((-28)/(-770))?
3, 11
Let x(m) = 4*m. Let r be x(1). Suppose 5*j - 2*l = 148 - 48, -4*j = -2*l - 82. List the prime factors of (r/12)/(2/j).
3
Let a = 4935 + -3378. What are the prime factors of a?
3, 173
Suppose -4*w + 3*w + 24 = 0. Suppose -19*y - 15 = -w*y. Let t(d) = -d**2 + 2*d + 7. What are the prime factors of t(y)?
2
Let z(x) = -6*x + 6. Let u be z(9). Let r = u + 81. Suppose r = -2*t + 5*t. List the prime factors of t.
11
Let l be 9/((-3)/1) - -385. Suppose 3*y - 3*t = 240, -l = -5*y - 0*t - t. What are the prime factors of y?
7, 11
Let q = 1634 + -368. What are the prime factors of q?
2, 3, 211
Let s(p) = -1. Let c(d) = 2*d - 1. Let w(o) = -c(o) - 6*s(o). Let y be w(0). Suppose -57 = 4*z - y*z. List the prime factors of z.
19
Suppose -x = 3*a - 0*a + 1501, -4*x - 504 = a. Let f = a - -706. List the prime factors of f.
2, 103
Suppose 3*y = 4*n + 405, 0 = -21*y + 24*y - 2*n - 411. List the prime factors of y.
139
Suppose -60 - 21 = -3*g. Suppose h + 3*x - g = 0, -2*h + 11 + 47 = 2*x. What are the prime factors of h?
2, 3, 5
Let w be (-15)/35 + (-10)/(-7). What are the prime factors of (130/78)/(w - 10/12)?
2, 5
Let f(h) = 31*h + 1. Let m be f(1). Let s = -15 + m. Let n = s - 6. What are the prime factors of n?
11
Suppose 0 = -5*n + 3*j + 2*j + 100, -5*j = 5*n - 70. Let c(b) = b**3 + b**2 - 3*b + 3. Let g be c(2). Let k = n - g. What are the prime factors of k?
2
Let c be 10 - (-4)/10*-5. Suppose -c*r = -675 + 83. List the prime factors of r.
2, 37
Let v(m) = -17*m**2 + 16*m + 11. Let x(r) = 9*r**2 - 8*r - 6. Let o(n) = -3*v(n) - 5*x(n). Let s be o(-3). Let b = -36 + s. List the prime factors of b.
3, 13
Suppose 0 = 5*k - 25, -3*d + 3*k = 2*k - 1. Suppose -171 = -d*l - 63. List the prime factors of l.
2, 3
Suppose 0 = -4*g + t + 6366, 4*t = -3*g + 299 + 4466. What are the prime factors of g?
37, 43
Let g be ((-8)/2 - -4)/(-2). Suppose 5*w - w - 464 = g. List the prime factors of w.
2, 29
Let a(g) = -167*g**3 - 3*g**2 + 29*g + 59. What are the prime factors of a(-3)?
2, 17, 131
Suppose 3*m - 1054 - 719 = 0. What are the prime factors of m?
3, 197
Let d(a) = 13*a**3 - 7*a**2 + 23*a - 4. What are the prime factors of d(3)?
353
Let u be 4/(-3) + 680/51. Suppose 5*d + 18 = -u. List the prime factors of d/16 - 5313/(-88).
2, 3, 5
What are the prime factors of (5 - 4)*(6 + -2) + 438?
2, 13, 17
Let g(p) = p**3 + 2*p**2 - 4*p + 1. Let k be g(-3). Suppose 12 = -3*f, -k*n - 2 = -5*f - 6. Let s = 33 - n. List the prime factors of s.
37
Let c(y) = y**3 - 28*y**2 + 31*y + 94. What are the prime factors of c(28)?
2, 13, 37
Let h(o) be the first derivative of 2*o**3/3 - o**2/2 - 2*o - 5. Let g be h(2). Suppose 0 = 2*x - 5*u + g, 3*u = -x + 20. List the prime factors of x.
2
Suppose -29*a + 4*n =